z(h) = -h. Let m be z(-2). Calculate b(m).
-8
Let o(z) = z**2 - 2*z - 3. Suppose -43 = -6*m + 11. Suppose -2*h = h - m. Calculate o(h).
0
Let x(d) = -5*d - 10. Let p(y) = -y. Let g(t) = -6*p(t) + x(t). What is g(8)?
-2
Let h(n) = -3*n + 5. Let m be h(0). Let i(d) = -3*d**2 + 1 + m*d + 5*d**2 - d - 3*d**2. Determine i(5).
-4
Let r = 11 + -3. Suppose 5*i = 33 - r. Let u(y) = y**2 - 6*y + 4. Determine u(i).
-1
Let w(c) be the second derivative of c**3/3 + 2*c**2 + 2*c. Calculate w(6).
16
Let i = -14 - -14. Let f(q) be the third derivative of 1/120*q**6 + 1/24*q**4 - 1/60*q**5 - q**2 + 0*q + 5/6*q**3 + i. Calculate f(0).
5
Let y(i) = 0*i - i - 6 + 1 + 2. Suppose 0 = 3*p - 0*q - q, -5*p + 3*q = 0. Give y(p).
-3
Let l(c) = 1. Let s(k) = -k**2 - 2*k + 7. Let m(x) = -6*l(x) + s(x). Give m(-4).
-7
Let a(i) be the second derivative of -i**3/6 - i**2/2 - 7*i. Give a(0).
-1
Let s(f) be the first derivative of f**3/3 + f**2/2 + 4*f + 2. Suppose 3*g - 29 + 11 = 0. Suppose 0 = -q - q - g. Determine s(q).
10
Let u(g) = -2*g + 6. Suppose -3*j = 5*o - 15, -j - 2 + 17 = 5*o. Suppose b - 4*w = 5, -2*b + 10 = -j*b + 5*w. Give u(b).
-4
Let a(h) = 0*h**2 - 15 - 5*h + h**2 + 18. Calculate a(3).
-3
Suppose 5*v - 7 = 3*o, -v - 3*o = -2 - 3. Let q = 1 - v. Let x(m) = m**2. Let c(g) = 35*g**2. Let i(y) = -c(y) + 28*x(y). What is i(q)?
-7
Suppose 5*g - 4*w = 14, 0 = -3*g - w - 0*w + 22. Let f(b) = 1 + 1 + 0 - g*b. Calculate f(2).
-10
Let c be (-27)/12*32/12. Let t(y) = y**2 + 5*y - 2. Determine t(c).
4
Let i(f) = -2*f**3 - 2*f + 1. Let t be i(1). Let k(p) be the first derivative of -p**2/2 + 10. Determine k(t).
3
Let w(l) = 1. Let b(x) = x + 2. Let n(j) = b(j) - 4*w(j). Let u = 175 + -170. What is n(u)?
3
Let h = -28 - -25. Let k(v) = 6*v + 1 - 3*v - 5 - v**2 - v**3. Calculate k(h).
5
Let w(m) = -7*m + m**3 + 5 + 11*m - 8*m + 5*m**2. Give w(-6).
-7
Let m(k) be the second derivative of -k**3/6 + k**2/2 + 9*k. Calculate m(2).
-1
Let i be (-15)/6*18/(-15). Let y(b) be the second derivative of b**4/12 - b**3/2 - b**2/2 + 17*b. Calculate y(i).
-1
Suppose 2*o = o + 4*h + 5, -4*o = -5*h + 2. Let q(y) = y**2 - y - 4. Determine q(o).
8
Let g(k) = -2*k - 13. Let i be g(-6). Let d(n) = 6*n**3 + n**2. Give d(i).
-5
Let a(s) = -s**2 + 7*s - 1. Let w be (9 + -8)/((-1)/(-7)). What is a(w)?
-1
Let o(i) be the first derivative of i**3 + 3*i**2/2 + 2*i + 9. What is o(-2)?
8
Let j(y) = -4*y + 1. Let c(u) = 4*u - 1. Let r(x) = x - 10. Let b be r(6). Let n(f) = b*j(f) - 3*c(f). Determine n(1).
3
Let v(q) be the third derivative of q**7/420 + q**5/120 + q**4/8 - q**2. Let k(r) be the second derivative of v(r). Determine k(-1).
7
Let h be 4 + -2 - (5 + -5). Let s(t) = -6*t**2 - 4*t**3 + t + 3*t**3 - 1 + 4*t**h. Determine s(-3).
5
Let x(h) = h**2 + 6*h + 6. Suppose 0 = -2*a - 4, 0 = -2*m - 2*a + 1 + 3. Suppose m*i = -i. Let v be (-2 - -2) + i - 4. Determine x(v).
-2
Suppose 0 = -y + 5*h - 18, 4*y + 3 + 1 = 3*h. Suppose -2*d - 9 = -3*p + 11, 28 = 2*p - 5*d. Let b(z) = 2*z + p*z + 0*z - 2 - 1. Give b(y).
9
Let s(a) = -a**2 - 3*a + 4*a - 8 + 0*a + 9. Give s(-2).
-5
Let o(a) = -a**2 + 3*a - 3. Let p(k) = k**3 - 12*k**2 + k - 10. Let u be p(12). Give o(u).
-1
Suppose -h = -2*w + 14 - 2, 2*w = 3*h + 20. Let u(v) = v**3 + 4*v**2 - v - 3. Give u(h).
1
Let t(m) = -2*m**2 + 28 + 11*m - 7*m**3 - 27 + 8*m - 19*m. Suppose 0 = d + 1 - 2. Calculate t(d).
-8
Let z(x) = -5*x**3 - 5*x**2 + x + 23. Let t(j) = -3*j**3 - 2*j**2 + j + 12. Let w(i) = -7*t(i) + 4*z(i). Calculate w(6).
-10
Suppose -3*y + 4 = -2. Let n(b) be the first derivative of -4*b + b + 2*b + 2*b**y - 1. Determine n(1).
3
Suppose -2 = -2*p, 9 = -5*z + 2*p + 37. Let c(j) = -j**2 + 2*j - 3. Let v(b) = -b. Let i(x) = -c(x) + 6*v(x). Determine i(z).
-9
Let g(u) be the second derivative of -u**8/6720 - u**7/840 + u**6/144 + u**5/40 - 7*u**4/12 - 2*u. Let t(m) be the third derivative of g(m). Calculate t(-3).
-12
Let z(t) be the second derivative of t**4/12 - t**3/2 + t**2 - 9*t. Suppose 4 = 2*r, -2*g - 2*g - 3*r = -22. Calculate z(g).
6
Let n(m) = m**2 - m + 1. Let y(d) be the second derivative of d**5/20 - d**4/3 + d**3/3 - 7*d**2/2 + 2*d. Let t(g) = -3*n(g) - y(g). Give t(0).
4
Let h(u) = 13*u**2 - 33*u + 12. Let p(j) = -3*j**2 + 8*j - 3. Let z(l) = -2*h(l) - 9*p(l). Let d be 11/(-4) - (-2)/(-8). Let y be 1/d - 13/(-3). What is z(y)?
-5
Suppose 5*n - 2*k = k + 10, 5*n - 2*k = 10. Let p(z) = 2 - 6*z - z**2 + n*z**2 + 3 + 2. Suppose -4*t = 3*c + 5, -4*c - t - 8 = -23. What is p(c)?
2
Let y(n) = 2*n - 1. Let j(f) = f**2 - 4*f + 4. Let w be j(4). Calculate y(w).
7
Let c(o) = 2*o + 1. Suppose 4*i + 27 = 3. Let y be i*(-3 - 10/(-4)). Suppose -y*f + 3 = -2*f. Determine c(f).
7
Let d(v) = -2*v**2 + 2*v. Suppose 0*i = 4*m - 2*i + 12, 2*i = -m - 8. Let p = m - -6. Let o be d(p). Let r(z) = -z**3 - 5*z**2 - 6*z - 3. Calculate r(o).
5
Let v(q) = -q**3 - 5*q**2 - 5*q - 1. Let b(y) = -y - 8. Let n = -7 + 12. Suppose -5*l - 25 = -n. Let f be b(l). Give v(f).
3
Let w(x) = -x + 8. Let m = 14 - 6. Suppose 4*r = -4*l + m + 24, 2*r - 3*l + 4 = 0. Determine w(r).
4
Let p(o) = -o**2 - 1. Let k(q) be the second derivative of q**4/12 + q**2/2 - 2*q. Let w(x) = -2*k(x) - p(x). Give w(2).
-5
Let k(w) = 6*w - 1 - 11*w**2 - 1 + 10*w**2. Determine k(6).
-2
Let i(t) be the second derivative of -t**4/24 + 5*t**3/6 - 3*t**2/2 + 2*t. Let g(v) be the first derivative of i(v). Give g(-5).
10
Let n(l) = 2*l - 7. Let c be 10/4*(-16)/(-5). Determine n(c).
9
Let t(w) = w**2 + 2*w - 3. Suppose 0*i = 3*i - 36. Suppose 0 = 4*x + n - i, 24 = x + 3*x + 4*n. Calculate t(x).
5
Let t(f) = -f**2 - f - 4*f - 3 - 6 + 0*f. What is t(-6)?
-15
Let c(u) = u**3 + 2*u**2 + 2*u + 3. Let y(h) = h**2 - 13*h + 19. Let a be y(11). Calculate c(a).
-12
Let i be (-6)/(-12)*(-1 - -1). Suppose -16 = -2*x + 4*s, 4*s + i + 8 = -2*x. Suppose u + 4*j + 5 = 0, -x*u - 13 = -7*u - j. Let h(g) = -g + 2. Determine h(u).
-1
Let r(t) = 6*t**2 + 2*t + 2. Let x be r(-1). Let o(s) = -2*s + 9. What is o(x)?
-3
Let a be ((-1)/2)/((-5)/70). Let q(b) = a + 6*b - 4*b**2 - b + 3*b**2. What is q(6)?
1
Let u(c) = -c**3 + c**2 + 2*c. Suppose 10 = -2*x + 7*x. Suppose -x*k = -7*k - 10. Give u(k).
8
Let z(i) be the first derivative of -i**3 - 5*i - 4. Let v(y) = -5*y**2 - 10. Let d(l) = -4*v(l) + 7*z(l). Give d(0).
5
Let q(r) = -r**3 + r - 9. Let v be q(0). Let l be v/6*172/(-3). Let g be l/(-18) + (-10)/45. Let t(s) = -s**2 - 6*s - 3. What is t(g)?
2
Let n(l) = l**2 - 22*l. Let p(y) = 3*y**2 - 59*y + 1. Let m(a) = 11*n(a) - 4*p(a). Suppose 3*x - 27 = 3*i, 13 = -i - 5*x + 34. What is m(i)?
4
Let k(y) = 4*y + 37. Let r be k(-11). Let a(o) = o**3 + 7*o**2 - 3*o - 10. Determine a(r).
11
Let d(b) = -b**2 + 3*b - 4*b**3 - 243 + 244 - 3*b. Give d(-1).
4
Let j(a) be the second derivative of 3*a - 7/20*a**5 + 0 + 1/3*a**3 + 1/2*a**2 + 1/6*a**4. What is j(-1)?
8
Let m(n) be the first derivative of n**3/3 + 3*n**2 - 2*n + 3. Give m(-6).
-2
Let s(c) be the first derivative of -c**4 + 4*c**3 - 11*c**2 + 11*c - 2. Let q(y) = y**3 - 4*y**2 + 7*y - 4. Let l(b) = -7*q(b) - 2*s(b). Determine l(-5).
6
Suppose -i - 2*i - n + 1 = 0, -i + n + 3 = 0. Let m be 7/2 - i/(-2). Let b(f) be the first derivative of -f**2 - f - 3. Calculate b(m).
-9
Let z(l) = -6*l + 5. Let c(q) = -q + 1. Let o(m) = 5*c(m) - z(m). Let t be o(3). Let f(u) = -3*u + t*u**2 - 1 + u + 2*u. Calculate f(-2).
11
Let s = 12 - 11. Let x(q) be the first derivative of -1/2*q**2 + 0*q + 3 + 4/3*q**3. Calculate x(s).
3
Let n(x) = 3*x. Let j(u) = 10*u + 1. Let i(r) = -2*j(r) + 7*n(r). What is i(5)?
3
Let b(p) = -6*p**2 - 4*p - 3. Let k(o) = -3*o**2 - 2*o - 2. Let c(m) = 3*b(m) - 5*k(m). Let d be 2 - 0 - (-1)/1. Let g = -5 + d. What is c(g)?
-7
Let p(k) = 8*k. Suppose -3*l + 9 = -3. Suppose -2*d + l = -6*d. What is p(d)?
-8
Let u(w) be the second derivative of -w**3/3 - w**2/2 - 2*w + 20. Let d be (0 - 3)*(0 + 1). Calculate u(d).
5
Let s be -8 - -2 - -1*2. Let b be (-132)/16 + 3/(-4). Let m = s - b. Let x(h) = h**3 - 6*h**2 + 4*h + 5. Determine x(m).
0
Let q be (3/(-6)*0)/(-2). Let h = 2 - q. Suppose -5*i + g = -4*g, -h*i + 9 = g. Let s(o) = o**2 - 3*o + 1. What is s(i)?
1
Let r(s) = 4*s**2 + 2*s + s**3 + 4*s - 2 - 3*s. Let d = 43 - 46. What is r(d)?
-2
Let s(q) = 3*q**2 + 9*q - 7. Let p(j) = -j**2